 the remainder when 96 is divided by u(5).
16
Suppose 434 = 4*r - 5*p, r - 2*p = 111 - 4. Let d = 120 - r. Calculate the remainder when 23 is divided by d.
5
Let k = -618 - -673. What is the remainder when 146 is divided by k?
36
Let k(v) = -v**2 + v + 17. Let g(c) = c**3 + 196. Let q be g(0). Suppose -2*s = -6*s + q. What is the remainder when s is divided by k(0)?
15
Suppose 3*u - 3*q = -5*q - 101, 0 = -4*u + q - 120. Let o = -1 + 5. What is the remainder when 61 is divided by (u/o)/(2/(-8))?
30
Let a = -129 - -151. What is the remainder when 26 is divided by a?
4
Let f(k) = -k**2 + 6*k - 6. Suppose 3*a = -3*a - 30. What is the remainder when (-20)/(-100) + (-14)/a is divided by f(4)?
1
Suppose w - 4*p - 185 = 0, -4*p + 5 = 21. Let l = -142 + w. What is the remainder when 79 is divided by l?
25
What is the remainder when 15/(120/12 + -9) is divided by 1*(7 + 0 + 1)?
7
Suppose 0 = 4*k + 7 + 1. Let p be k + (-4)/(-20)*0. Calculate the remainder when 4 is divided by (-1 - p) + (6 - 4).
1
Let g(x) = 32*x**2 + 124*x + 1. Calculate the remainder when 125 is divided by g(-4).
6
Let n(p) = 156*p - 302. What is the remainder when n(11) is divided by 118?
116
Suppose 0 = -2*j + i - 0 + 4, 0 = -j - 4*i + 11. Let q(n) = 5*n**2 - n + j*n - 2*n - n - 4 - n**3. Calculate the remainder when 31 is divided by q(4).
7
Suppose -7*s + 93 = -600. Calculate the remainder when s is divided by 57.
42
Let q be 61/(-21) - (-8)/(-84). What is the remainder when ((423/(-6))/q)/((-3)/(-6)) is divided by 12?
11
Let d(r) = 25*r + 2. Let s(n) be the second derivative of -n**4/12 + 5*n**3/6 + 4*n**2 - 5*n. Let h be s(6). Calculate the remainder when d(h) is divided by 18.
16
Suppose 2*z = 3*s - 372, 13*s - 18*s + 2*z = -624. What is the remainder when 372 is divided by s?
120
Let n(y) = 2*y**2 - 87*y + 21. Calculate the remainder when n(44) is divided by 14.
9
Let s = 33 + -6. Let a = 44 - s. Let o = 8 + -3. What is the remainder when a is divided by o?
2
Suppose -13 = -4*g - 1. Calculate the remainder when 89 is divided by g.
2
Suppose 3*g = 5*r + 448, -3*g = 2*g + 4*r - 722. What is the remainder when g is divided by 49?
48
Suppose 5*u - 92 - 28 = 0. Let c be (3 - 0) + 0/1. What is the remainder when u is divided by (c + -1)*(-13)/(-2)?
11
Let x = -345 + 361. What is the remainder when 78 is divided by x?
14
Suppose 3*m = -182 + 1619. What is the remainder when m is divided by 37?
35
Let w = 49 + -27. Let b be (4 + 0 - 2) + -2. What is the remainder when b + (-88)/(-1) + -1 is divided by w?
21
Let s(u) = -u**3 + 36*u**2 + 74*u + 84. Calculate the remainder when 53 is divided by s(38).
5
Let m = 984 + -977. Let g(o) be the first derivative of 34*o**3/3 - o - 2. Calculate the remainder when g(1) is divided by m.
5
Let w = -278 + 360. What is the remainder when w is divided by 20?
2
Let r be -1*(0/(-1) - 0). Suppose 0 = -3*u - 45*u - 0*u + 1824. Calculate the remainder when u is divided by 42/2 - (1 - r).
18
Let z = 13 - 19. Suppose -3 + 27 = 3*c. Calculate the remainder when (z/4)/((-6)/112) is divided by c.
4
Suppose 4*t = -5*t + 18. Suppose -3*y = 3*s - 123, 0*s - y + 86 = t*s. Calculate the remainder when s is divided by 24.
21
Suppose 0 = -2*r + r + 118. Let t = -228 + r. Let q = t + 172. What is the remainder when q is divided by 13?
10
Suppose -g = 3*l - 265, 0*l + 2*l - 2*g = 174. Let u(b) = -b**2 + 11*b + 1. Let n be u(15). Let f = l + n. What is the remainder when f is divided by 10?
9
Suppose 14*l = 229 + 107. Calculate the remainder when 39 is divided by l.
15
Let c(b) = b + 37. Suppose -105 = -3*w - 4*k, -2*w - 2*k + 44 + 28 = 0. Suppose -4*f + 3*s = -w, -s = s + 10. What is the remainder when c(-16) is divided by f?
3
Let t(v) = -v**3 + 4*v**2 + 4*v + 2. Calculate the remainder when 88 is divided by t(4).
16
Suppose -g = 2*b - 14, 3*g = -0*b + 2*b + 2. Suppose u - b*j - 37 = 0, -2*u - j = -0*j - 30. Calculate the remainder when 99 is divided by u.
14
Let l = 3 - -10. Let u(x) = x**3 + 15*x**2 - 5. Let n be u(-15). Calculate the remainder when ((3 + n)*1)/((-1)/18) is divided by l.
10
What is the remainder when 398/(-2*(8/(-4))/4) is divided by 57?
56
Let l = 727 + -349. Calculate the remainder when l is divided by 95.
93
Let f be (-2)/1*-1 - 42. Let p = -67 - f. Let o = 29 + p. Calculate the remainder when 2 is divided by o.
0
Suppose 3*g + 56 = 167. Suppose -4*s - p + g = 0, s - 4*p = -s + 32. Calculate the remainder when 17 is divided by s.
7
Let q = -55 + 63. What is the remainder when 37 is divided by q?
5
Let b(h) = -12*h**3 - h**2 + 5*h + 5. Let c(n) = -2*n + 34. Let d be c(18). Calculate the remainder when b(d) is divided by 8.
7
Let g = 6 + -9. Suppose -4*l = -4*r + 60, -l = -6*l + 2*r - 78. Let s = g - l. Calculate the remainder when s is divided by 4.
1
Let z = -257 - -488. Calculate the remainder when z is divided by 17.
10
Let m = -368 + 611. What is the remainder when m is divided by 63?
54
Suppose -4*c = 3*k - 247 - 48, 5*k + 2*c - 473 = 0. Calculate the remainder when k is divided by 54/15*40/6.
21
Let u(m) = -20*m + 57. Let z be u(3). Suppose -g = p - 3*g - 26, -27 = -2*p - g. What is the remainder when p is divided by z/((-25)/(-30)*4/(-10))?
7
Suppose -p - 28 = 2*s - 85, 204 = 4*p + 2*s. Calculate the remainder when 129 is divided by p.
31
Let t = -7 - -10. Suppose 123 = t*r + 3*f, -3*f = -r - 0*f + 25. Calculate the remainder when r is divided by 1*(14 + (3 - 4)).
11
Let t be (-7)/(-6)*-3*2. Let u = 8 - t. Let w(p) = p + 59. What is the remainder when w(0) is divided by u?
14
Suppose 32*l - 37*l = -35. Calculate the remainder when 30 is divided by l.
2
Suppose -13*f + 558 = -92. Calculate the remainder when 244 is divided by f.
44
Calculate the remainder when (4/(-6))/((-19)/(18981/6)) is divided by 30.
21
Let q = -525 - -650. What is the remainder when q is divided by 18?
17
Suppose -432 = 55*b - 73*b. What is the remainder when 357 is divided by b?
21
Suppose -6*h - 9 = 3. What is the remainder when 168 is divided by ((-18)/27)/(h/51)?
15
Let i = -7 - -5. Let m = 3 + i. Suppose -2*f - 5*a + 4 + 2 = 0, -f + m = 3*a. What is the remainder when f is divided by 7?
6
Calculate the remainder when 7 + (-211)/(-1) + 7 + 0 is divided by 57.
54
Let t(h) = 2*h**2 - 9*h - 9. What is the remainder when t(-4) is divided by 14 + (-1 + 2)/1?
14
Let i = -324 + 425. What is the remainder when i is divided by 7?
3
Calculate the remainder when (-1)/1*-1 - -60 is divided by (-31 + 28)*((-13)/3 + 0).
9
Let k = -110 + 115. Suppose 0 = -4*o - k*n - 1, -n = -4*o + 17 + 12. What is the remainder when 89 is divided by o?
5
Let i = 8 + -7. Suppose -3*x = -x - 16. Suppose -x*a + 11*a = 9. What is the remainder when a is divided by i?
0
Suppose c - 4*m - 18 = 0, 2*c - 15 = -3*c + 5*m. Suppose 147 = -0*a + 3*a. Calculate the remainder when a is divided by (c - 2 - -22) + -1.
15
Let r = -20 - -23. Suppose 2*z = 5*x + 4*z - 68, 44 = r*x - 2*z. Calculate the remainder when 55 is divided by x.
13
Suppose 4*h - 3*r + 69 = 7*h, 44 = 3*h - 2*r. What is the remainder when 70 is divided by h?
16
Suppose 4*q + q - 229 = -v, 2*q + 636 = 3*v. What is the remainder when v is divided by 8?
6
Suppose -7*l = -0*l - 14. Let h = 2 - -2. Suppose -l*u - 40 = -h*u. What is the remainder when u is divided by 11?
9
Let h be -8*5/(-60)*3. Suppose -h*s + 6*s - 40 = 0. Calculate the remainder when 36 is divided by s.
6
Suppose -y = -c + 13, -y - 2*c + 56 = -6*y. Let p = y - -27. What is the remainder when 65 is divided by p?
14
What is the remainder when 2384 is divided by ((-128)/(-112) - (-216)/7) + -1?
28
Let x(a) = a**2 + 26*a + 23. Calculate the remainder when x(16) is divided by 8.
7
Let i(s) = -14 + 82*s + 5 + 0. Calculate the remainder when i(3) is divided by 30.
27
Let z(g) = g**3 + g**2 - 3*g + 6. Let j be 9*(0 + 2/(-3)). Let i = 10 + j. Calculate the remainder when z(i) is divided by 19.
17
Suppose 108 = 5*d + d. Suppose 8 + 3 = c. Calculate the remainder when d is divided by c.
7
Let l be ((360/(-28))/(-3))/((-2)/(-42)). Suppose 2*c + 5*o = 4*c - 60, 3*c - 2*o - l = 0. Calculate the remainder when 4*((-44)/(-1))/2 is divided by c.
28
Suppose -5*i + 0*m - 4*m = -77, -5*i + 81 = 2*m. Let l(s) = 13*s + 123. Calculate the remainder when l(-6) is divided by i.
11
Let y = 33 - -834. Wha